0*q - 7. Let b be u(2). Suppose -31 = 2*t - 3*z, 15 = -3*z - 0*z. Let h = -13 - t. Calculate the greatest common factor of b and h.
5
Let v(z) = z**3 + 26*z**2 + 30*z + 151. Let m be v(-25). What is the highest common factor of m and 35386?
26
Suppose 60071 + 43308 = 297*r + 5369. Let n be (-6)/(-21) + (-103)/(-7). What is the highest common divisor of r and n?
15
Suppose 2*x - 5 = -x - d, -x - 1 = 3*d. Let w = 6 - x. Suppose -o + 0 = -5, w*j = o + 15. Calculate the greatest common divisor of j and 20.
5
Let p be 24*((-6)/8)/((-3)/5). Suppose 3*a - q - p = 0, 3*a + 2*q = -0*q + 39. Suppose 16 = a*l - 10*l. What is the greatest common factor of l and 40?
8
Let g = -95 - -216. Let k = g + -33. What is the greatest common divisor of 55 and k?
11
Suppose -2*v + 4*f = -298, 3*v - v = -5*f + 271. Let c = -193 - -271. Suppose 155*m - 161*m = -c. Calculate the highest common factor of m and v.
13
Let c(r) = 2*r**2 - 4188*r + 12554. Let h be c(3). Suppose -5*d = 0, a + 4 - 76 = -4*d. What is the highest common divisor of h and a?
8
Let q be (-3)/(-2)*(-32)/(-12). Suppose 20 + 28 = 12*g. Suppose -2*r = -g*z + 14, q*z - 25 + 5 = -4*r. Calculate the highest common factor of 4 and r.
1
Let r be 221 + 23 - (-8)/(4/(-2)). Let p be (21/(-2))/((-45)/r). What is the greatest common divisor of 64 and p?
8
Suppose 68*s + 86*s - 253*s + 2574 = 0. Let i = -1125 + 1694. Suppose i + 3 = 2*c. Calculate the highest common divisor of c and s.
26
Suppose -2*r = -4*v + 1726, 2*v + 3*v - 3*r = 2160. Let i = -377 + v. What is the greatest common divisor of 442 and i?
26
Let z be 13 + (7 - (2/3 - 46/69)). Calculate the greatest common factor of z and 244.
4
Suppose -4*j = -19 - 29. Let b(f) = -f**2 + 12*f + 6. Let m be b(j). Suppose 252 = m*z - 144. What is the greatest common divisor of z and 6?
6
Let b(q) = -q**3 + 41*q**2 + 66*q + 937. Let i be b(43). Calculate the greatest common divisor of i and 7.
7
Suppose 0 = -39*w - 391 + 19969. Calculate the greatest common divisor of 2 and w.
2
Let b be 3*30 - (40 - 34). Suppose 5*r - r - 84 = 0. Calculate the greatest common factor of r and b.
21
Let s be 1019*9 - 34/(-51)*(-45)/(-10). Calculate the greatest common divisor of 264 and s.
66
Let x be 5337546/851 + 2/(-23). Calculate the highest common divisor of 49 and x.
49
Suppose 0 = n - 5*b - 275, 3*n - 10*b = -7*b + 765. Calculate the greatest common divisor of 700 and n.
50
Let w = 3327 - 3297. Let v(z) = -z**3 + 10*z**2 + 4*z - 10. Suppose 9*d - 40 = 4*d. Let i be v(d). What is the highest common divisor of w and i?
30
Let n(o) = 419*o**2 + 552*o - 1646. Let k be n(3). Calculate the greatest common divisor of 38 and k.
19
Suppose y = -3*y + 304. Suppose 9*z - 239 - 310 = 0. Let j = y - z. What is the highest common divisor of 3 and j?
3
Suppose 4*a + 1096 = 3*n + 67, 5*n + 4*a = 1683. Calculate the greatest common factor of n and 1921.
113
Suppose -9*d = -4262 + 50. Suppose 5*h = -3*b - 256, -4*b - b + 2*h = d. Let a = -63 - b. What is the highest common divisor of 116 and a?
29
Let u = 61870 + -26110. Calculate the highest common factor of u and 20.
20
Suppose -u + 4*o = 17, -5*u + 1 - 2 = o. Let l be 8/6 - (12/18)/u. Calculate the greatest common factor of l and 3.
1
Let v(r) = 86*r**3 + 9*r - 18. Let c be v(2). Calculate the highest common divisor of 64 and c.
16
Suppose -4*y = -y + 5*t, 0 = -y + 2*t. Suppose d - 2*p - 37 = 0, -5*p - 205 = -y*d - 5*d. Let h = -7034 + 7049. Calculate the greatest common factor of h and d.
15
Let r = -17734 - -17822. Calculate the highest common divisor of 264 and r.
88
Suppose 6*p + 2 = 3*p + 2*v, 2*p = 3*v - 3. Let t(s) = -25*s + 350. Let i be t(p). What is the highest common divisor of i and 35?
35
Suppose 0 = g - 3*v - 14, -g - 3*v - 4 = 0. Suppose -g*x = 2*o - 91, o - 2*x - 29 = 21. Calculate the highest common divisor of o and 456.
24
Let b = 4664 + -3073. Calculate the highest common factor of 43 and b.
43
Let o = 1005 - 663. Suppose -13*p = -19*p + o. What is the highest common divisor of p and 285?
57
Let v(n) = 10*n**3 + 7*n**2 - 1. Let i be v(1). Calculate the highest common divisor of i and 12784.
16
Let g(j) = 155*j**3 + 2*j**2 - j. Let b be g(1). Let z be -2*(-2)/(-4) - -235. Calculate the highest common factor of z and b.
78
Suppose 4*p - 49 = -25. Suppose 0*l + p*l - 66 = 0. What is the highest common divisor of l and 583?
11
Suppose 8*m - 2461 = 139. What is the greatest common divisor of m and 200?
25
Let r be (-9)/(-27) + (59/3 - -4). What is the highest common factor of 318 and r?
6
Let d(w) = 2015*w - 18433. Let t be d(10). Calculate the highest common divisor of 51 and t.
17
Let j be 743 - (-9 + 549/45 + 2/(-10)). Calculate the greatest common divisor of j and 1332.
148
Let d = 221 + -223. Let x be d/(-12) + 28710/108. What is the highest common divisor of 14 and x?
14
Let u(r) = 19*r**2 + r. Let c be u(1). Suppose 292*z - 112*z - 27007 - 5393 = 0. What is the highest common factor of z and c?
20
Let h be 40/(-200) + (-1)/(5/(-386)). Suppose 2*a + 2 = -0*a. Let d be (1/4)/(a/(-28)). Calculate the greatest common divisor of h and d.
7
Suppose 36302 - 4094 = 33*q + 33*q. What is the greatest common factor of 3538 and q?
122
Suppose -78*u = -88*u + 23620. Suppose 0 = 2*z - u + 6. Calculate the greatest common factor of 62 and z.
62
Let k be (8 - (10 - -2))/((-2)/(-50)). Let d = k + 116. What is the greatest common factor of d and 368?
16
Suppose 2*o + 27 = 4*a - 95, -2*a = 2*o - 46. Let u be (134/8)/(7/a). Suppose -3*y - 5*j = -u, 4*j - 3 = 17. What is the greatest common factor of 6 and y?
2
Suppose -7*d + w + 545 = -4*d, -4*d - 4*w = -732. Let c be (-2)/2*6/(-2). Suppose -c*p - 52 = -5*p. What is the greatest common factor of p and d?
26
Let s = 251 + -470. Let h = -207 - s. What is the greatest common factor of h and 2?
2
Let q(y) = y**3 + 17*y**2 - 2*y + 6. Let u be q(-12). Suppose 21*s - 16*s - u = 0. What is the greatest common factor of 90 and s?
30
Let r = -762 + 802. Let o(v) = -v**2 - 17*v + 8. Let b be o(-9). Suppose a = -a + b. What is the highest common divisor of a and r?
40
Let f = -1299 - -1384. Calculate the greatest common divisor of f and 30.
5
Suppose -3*u + 16*u = 988. Let k = 73 - u. Let l(y) = -32*y + 15. Let g be l(k). Calculate the highest common factor of 74 and g.
37
Let o(n) = -47*n**2 + 4*n - 1. Let d be o(1). Let x = d - -19. Let v(u) = u + 47. Let k be v(x). Calculate the highest common factor of 2 and k.
2
Let r(a) = -a - 1. Let i(h) = 6*h - 1. Let w(s) = -i(s) - 5*r(s). Let n be w(-6). Let p = -10727 - -10883. Calculate the highest common divisor of p and n.
12
Let y = -460 + 476. Let j be 3356/y - 4*6/(-96). What is the greatest common factor of 42 and j?
42
Suppose 0 = -133*t - 132*t + 9255 + 15920. Suppose 2*u = 2*v - 80, -u + 102 + 48 = 4*v. What is the highest common divisor of v and t?
19
Suppose 4*k - 1803 = -219. Calculate the greatest common divisor of 308 and k.
44
Let k be (4290/(-52))/(-55) - 294/(-4). Calculate the highest common divisor of 9 and k.
3
Let u(m) = -m. Let c(l) = -9*l + 4. Let p(t) = -c(t) - 4*u(t). Let s be p(4). Let k be (((-9)/3)/(-6))/(6/s). Calculate the highest common factor of 2 and k.
2
Let p be ((-35)/(-2))/((-2)/(-8)). Let t(y) = -y**3 + 5*y**2 + 106*y - 244. Let c be t(12). What is the greatest common factor of p and c?
10
Let z = 62 + -58. Suppose -z*s = -3 - 29. Let k = -43 - -67. What is the greatest common divisor of k and s?
8
Suppose -122*a + 4576 = -18*a. What is the highest common divisor of 2156 and a?
44
Let r = -9 - -21. Let h(c) = -c + 18. Suppose -p + 15 = -4*v + 72, 5*v + 2*p = 81. Let x be h(v). What is the greatest common divisor of r and x?
3
Let a be (3/(-1) - -3) + 2 + -11. Let r(y) = -5*y**2 - 3*y - 12. Let l be r(a). Let i be (13/(l/84))/((-2)/5). What is the highest common factor of 7 and i?
7
Let j = -140 + 511. Suppose -j = -11*n - 63. What is the highest common divisor of 12 and n?
4
Let g be -4*(-4 + (-3 - -1)). Let f(a) = a**2 - 61*a + 782. Let m be f(18). Calculate the greatest common factor of g and m.
8
Suppose 3*g = -5*b + 345, -3*b - 276 = -7*b - g. Suppose 3*x + n - 19 = 0, 23*x + 21 = 27*x - 3*n. Calculate the greatest common factor of x and b.
3
Let c be (13122/(-36))/((-23)/(-8) - (-3 - -6)). Calculate the highe